{"id":7,"date":"2015-03-31T18:43:21","date_gmt":"2015-03-31T16:43:21","guid":{"rendered":"http:\/\/www.schaetzinger.net\/guenther\/?page_id=7"},"modified":"2023-08-30T08:13:55","modified_gmt":"2023-08-30T06:13:55","slug":"bmw-z3-mein-cabrio","status":"publish","type":"page","link":"https:\/\/guenther.schaetzinger.net\/?page_id=7","title":{"rendered":"BMW Z3 &#8211; mein Cabrio"},"content":{"rendered":"<p>Das ist mein Z3:<\/p>\n<h2>BMW Z3 1,8 Roadster<\/h2>\n<p>Baujahr:April 1998<br \/>\nLeistung: 115 PS \/ 85 kW<br \/>\nFarbe: Dunkelgr\u00fcn II<\/p>\n<p><span style=\"text-decoration: underline;\">Serienausstattung:<br \/>\n<\/span>ABS, Servolenkung<br \/>\nZentralverriegelung mit Wegfahrsperre<br \/>\nelektrische Au\u00dfenspiegeln<br \/>\nelektrische Sitzh\u00f6henverstellung<br \/>\nChrome-Line Interieur<\/p>\n<p><span style=\"text-decoration: underline;\">Sonderausstattung:<br \/>\n<\/span>M-Technik Sportfahrwerk,<br \/>\n25% Sperrdifferential<br \/>\nVerdeck schwarz, elektrisch<br \/>\n\u00dcberrollb\u00fcgel und Windschott<br \/>\nSitzheizung Fahrer und Beifahrer<br \/>\nerweiterte Lederausstattung beige<br \/>\nEdelholz Nu\u00dfbaumwurzelholz<br \/>\nM-Technik-Lederlenkrad<br \/>\nNebelscheinwerfer, Bordcomputer<br \/>\nReifen 225\/50 ZR16 auf BMW LM-Felgen 16\u201c<\/p>\n","protected":false},"excerpt":{"rendered":"<p>Das ist mein Z3: BMW Z3 1,8 Roadster Baujahr:April 1998 Leistung: 115 PS \/ 85 kW Farbe: Dunkelgr\u00fcn II Serienausstattung: ABS, Servolenkung Zentralverriegelung mit Wegfahrsperre elektrische Au\u00dfenspiegeln elektrische Sitzh\u00f6henverstellung Chrome-Line Interieur Sonderausstattung: M-Technik Sportfahrwerk, 25% Sperrdifferential Verdeck schwarz, elektrisch \u00dcberrollb\u00fcgel und Windschott Sitzheizung Fahrer und Beifahrer erweiterte Lederausstattung beige Edelholz Nu\u00dfbaumwurzelholz M-Technik-Lederlenkrad Nebelscheinwerfer, Bordcomputer Reifen &hellip; <a href=\"https:\/\/guenther.schaetzinger.net\/?page_id=7\" class=\"more-link\"><span class=\"screen-reader-text\">BMW Z3 &#8211; mein Cabrio<\/span> weiterlesen <span class=\"meta-nav\">&rarr;<\/span><\/a><\/p>\n","protected":false},"author":1,"featured_media":11,"parent":0,"menu_order":0,"comment_status":"closed","ping_status":"closed","template":"page-templates\/full-width.php","meta":{"footnotes":""},"class_list":["post-7","page","type-page","status-publish","has-post-thumbnail","hentry"],"jetpack_sharing_enabled":true,"jetpack_shortlink":"https:\/\/wp.me\/P60N99-7","_links":{"self":[{"href":"https:\/\/guenther.schaetzinger.net\/index.php?rest_route=\/wp\/v2\/pages\/7","targetHints":{"allow":["GET"]}}],"collection":[{"href":"https:\/\/guenther.schaetzinger.net\/index.php?rest_route=\/wp\/v2\/pages"}],"about":[{"href":"https:\/\/guenther.schaetzinger.net\/index.php?rest_route=\/wp\/v2\/types\/page"}],"author":[{"embeddable":true,"href":"https:\/\/guenther.schaetzinger.net\/index.php?rest_route=\/wp\/v2\/users\/1"}],"replies":[{"embeddable":true,"href":"https:\/\/guenther.schaetzinger.net\/index.php?rest_route=%2Fwp%2Fv2%2Fcomments&post=7"}],"version-history":[{"count":4,"href":"https:\/\/guenther.schaetzinger.net\/index.php?rest_route=\/wp\/v2\/pages\/7\/revisions"}],"predecessor-version":[{"id":918,"href":"https:\/\/guenther.schaetzinger.net\/index.php?rest_route=\/wp\/v2\/pages\/7\/revisions\/918"}],"wp:featuredmedia":[{"embeddable":true,"href":"https:\/\/guenther.schaetzinger.net\/index.php?rest_route=\/wp\/v2\/media\/11"}],"wp:attachment":[{"href":"https:\/\/guenther.schaetzinger.net\/index.php?rest_route=%2Fwp%2Fv2%2Fmedia&parent=7"}],"curies":[{"name":"wp","href":"https:\/\/api.w.org\/{rel}","templated":true}]}}